5 = 4*x, -2*x = -l + 135. Let r = l - 97. What is the units digit of r?
8
Suppose 1544*v - 74269 = 1542*v - 5*j, 0 = -5*v - 4*j + 185698. What is the ten thousands digit of v?
3
Let q = 21 + -15. Suppose 15*p - q = 12*p. Suppose 3*k + p*c = 423, 565 - 1 = 4*k - c. What is the tens digit of k?
4
Let c be 26/91 + (-57)/(-21). What is the tens digit of (45 + 10)/(c/12)?
2
Let k(t) = t**2 + 6*t + 9. Let r be k(-5). Suppose -4*x + l = -32, 3*x = -5*l + 5 - r. Suppose 8*j - x*j - 80 = 0. What is the units digit of j?
0
Let n(c) = -3*c + 228. Let s be n(-8). Let t = s + 472. What is the tens digit of t?
2
Suppose -4*h + 1827 = z, 2*h - h + 7291 = 4*z. Let d = -597 + z. What is the thousands digit of d?
1
Suppose 2*u + 2*u = -140. Let r be u/(-14) - 1/2. Suppose y - r*d = -0*y + 46, 274 = 5*y + d. What is the tens digit of y?
5
Let q be ((-3)/12 - 0) + 1110/(-8). Let g = q - -294. Suppose -3*k = -5*d + g, 5*d = -3*k - 2*k + 155. What is the units digit of d?
1
Let k(c) = -9*c**2 - 410*c + 402*c + 33*c**2 - 16. What is the units digit of k(-3)?
4
Suppose -63*o = -391461 - 464961. What is the ten thousands digit of o?
1
Let g = 52 + -47. Suppose -g*z = 2*z + 21. What is the tens digit of ((-10)/15)/(1001/(-333) - z)?
1
Let j = 6027 - -2132. What is the thousands digit of j?
8
Suppose 0 = 263*u + 1897360 - 3424012 - 2417822. What is the ten thousands digit of u?
1
Suppose -47*p + 29*p = -26964. What is the tens digit of p?
9
Let k(z) = 138*z - 1523. What is the tens digit of k(25)?
2
Let n = 3095 - 2491. What is the units digit of n?
4
Suppose -2*k + 4316 = -9410. What is the tens digit of k?
6
Let n(y) = -212*y + 67. Let j be n(-7). Let m = j - 570. What is the tens digit of m?
8
Suppose -158026 = 386*h - 397*h. What is the units digit of h?
6
Suppose -1340 = -4*c - 320. Let p(t) = -104*t**3 + 5*t**2 + 4*t - 5. Let n be p(1). Let z = c + n. What is the units digit of z?
5
Suppose 4*s = 8, -4*q + s + 233 = q. Let w = q - -6. Let m = 54 + w. What is the hundreds digit of m?
1
What is the thousands digit of (7 - 0/7) + 5751?
5
Let n(u) = 57*u**2 - 63*u - 955. What is the hundreds digit of n(-12)?
0
What is the tens digit of (-10)/4 - 1147/(-62)?
1
Suppose 0 = -2*y + 4*y. Let s(a) = 3 + 101 + y*a + a**2 + 0*a**2 + 3*a. What is the tens digit of s(0)?
0
Let n(q) = 1176*q - 4619. What is the hundreds digit of n(30)?
6
Let t(p) = p**3 - 6*p**2 + 4*p - 6. Let n be t(6). Suppose -n*f = -23*f + 590. Let w = -73 + f. What is the tens digit of w?
4
Let m(k) = 29*k**2 + 5*k + 5. Let b = 50 - 26. Suppose -6*d = 6*d + b. What is the hundreds digit of m(d)?
1
Suppose 4*w - 62 = 2*g + 3*g, -2*w = 4*g - 18. Suppose -w*u - 2320 + 9132 = 0. What is the units digit of u?
4
Let v = 1561 + -1053. Let s = v + -338. What is the units digit of s?
0
Let a(z) = 11*z + 3. Let d be a(-3). Let n = 34 + d. Suppose 175 = n*o - 89. What is the units digit of o?
6
Suppose -4*g - 121*i + 46828 = -117*i, 3*g = 5*i + 35193. What is the tens digit of g?
1
Let p(i) = 3 - 20*i - 40*i - 41*i + 166 - 61. What is the hundreds digit of p(-10)?
1
Suppose -131*g = 22*g - 2562225 - 865281. What is the ten thousands digit of g?
2
Suppose 18*v - 81*v = -160713. What is the thousands digit of v?
2
What is the units digit of 2/((-40)/(-41895)) - (-14)/56?
5
Suppose 4*x + 146*x - 4711965 = -9*x. What is the tens digit of x?
3
Let c = -18 - 32. Let p = 50 + c. What is the units digit of 3077/34 + (-2)/(4 + p)?
0
Suppose 42 - 36 = t. Let m be t + (-7 - (-5 + 2)). Suppose m*l - 5*r - 213 = 0, -5*r = -2*l + l + 114. What is the units digit of l?
9
Let f(u) be the second derivative of -49*u**3/6 - 15*u**2 - 27*u. What is the units digit of f(-5)?
5
Suppose -261 = 9*v - 0*v. Let b(w) = -2*w**3 - 4*w**2 - 6*w + 2. Let y be b(-3). Let s = v + y. What is the units digit of s?
9
Let j(o) = 2*o**2 - 2*o - 5. Suppose -t - 5*p + p + 30 = 0, 5*p - 15 = t. Let k be j(t). Let c = -121 + k. What is the units digit of c?
4
Let d be 11/(0 - (-1 - 0)). Let j(h) = h - 10. Let q be j(d). Suppose -2*z - 5*k + 17 = 2*z, -z - q = 3*k. What is the units digit of z?
8
Suppose -58085 = -8*k - c, 14537 = -8*k + 10*k - 5*c. What is the hundreds digit of k?
2
Let u be (20/(-15))/(10/(-15)). Let s be -10 - -2 - (-7 - (u + -5)). What is the units digit of 261 - (1 - 2)*s?
7
Suppose 1854*r - 1860*r + 88632 = 0. What is the tens digit of r?
7
Let v(d) = 10*d + 128. Let c be v(-12). Let r(y) = y**3 + 4*y**2 - 20*y + 28. What is the units digit of r(c)?
6
Let n(p) = 13*p - 1. Let z = 46 + -40. Suppose 3*k = z + 3. What is the units digit of n(k)?
8
What is the hundreds digit of 4 + 1 - (-12898*(-6 + 7) + -7)?
9
Suppose -27370 = -10*u + 3*u. What is the units digit of u?
0
Let o be 9924/(-15)*25/(-10). Suppose -654 - o = -4*n. What is the units digit of n?
7
Let f = 26645 + -12481. What is the ten thousands digit of f?
1
What is the thousands digit of 1*((-534058)/(-16) - 246/(-656))?
3
Suppose 90398 = -216*u + 293*u. What is the units digit of u?
4
Suppose -9*s + 16139 + 26017 = 0. Suppose 0 = 5*d - 1881 - s. What is the units digit of d?
3
Let u = 40 + -45. Let z(q) = q**3 + 7*q**2 + 11*q - 6. Let r be z(u). What is the units digit of -8 - -4 - r/1?
7
Let u(a) = 40*a**2 - 27*a - 43. What is the hundreds digit of u(-24)?
6
Suppose 5*r = -6 + 286. Let k be (-13)/(-4) + -3 + 2765/(-20). Let v = r - k. What is the hundreds digit of v?
1
Suppose 3*q - 61152 = -3*s, -3*q = 5*s - 7046 - 54116. What is the hundreds digit of q?
3
Let x = 143190 + -100821. What is the hundreds digit of x?
3
Suppose 0 = 94*t - 161*t + 2511696. What is the units digit of t?
8
Let i = -13181 - -19500. Suppose -2672 = -27*h + i. What is the units digit of h?
3
Suppose 39 + 95 = 2*f + 4*a, -f + 3*a + 67 = 0. Suppose f*x - 62*x - 455 = 0. Let y = 164 - x. What is the units digit of y?
3
Suppose -2*y = 5*p - 131682, 52671 = 30*p - 28*p - y. What is the hundreds digit of p?
3
Suppose -36 = -5*c - 16. What is the hundreds digit of -8 - (1 - c) - -514?
5
Suppose 8*a = 39 + 9. Let v be 15/(-5)*(-140)/a. What is the units digit of 2/(-14) - (-4140)/v?
9
Let s(j) = -j**2 - 13*j - 34. Let v be s(-5). What is the hundreds digit of ((-16)/v)/((-1599)/531 + 3)?
2
Let h = -49 + 53. Suppose -20 = -3*v + h*v. What is the units digit of (-4074)/(-15) - v/50?
2
Let l(g) = 20*g**2 + 4*g + 3. Suppose -11 = 5*w - 1, -5*n + 2*w + 89 = 0. Let x(k) = k**2 - 18*k + 14. Let p be x(n). What is the hundreds digit of l(p)?
1
Let p be (0 - -1)*(-15 + 10). What is the thousands digit of (-1 - p/2)*5700/5?
1
Suppose 358160 = -34*d + 466272 + 437690. What is the tens digit of d?
5
Let v be -3 - -4 - (7 + -12). Suppose -v*h + 1552 = 2*h. What is the hundreds digit of h?
1
Suppose 11719909 - 963132 = 347*a - 242776. What is the ten thousands digit of a?
3
Let u = 608 + -603. What is the tens digit of (3 - -1) + (868 - (-35)/u)?
7
Suppose 27 = 4*x + 7. Suppose -4*q + 14 = -v, 0*v = 3*q + 2*v - x. Suppose 0 = q*k - 59 + 11. What is the units digit of k?
6
Let n(d) = 3*d - 4. Let o(a) = 13*a - 16. Let x(v) = 9*n(v) - 2*o(v). Let i be x(5). What is the hundreds digit of 149/(1/i) + -3?
1
Let v(x) = 9*x + 84. Let a(l) = -l**3 - 28*l**2 - 4*l - 94. Let t be a(-28). What is the hundreds digit of v(t)?
2
Let u(z) = 122*z**2 - 219*z + 650. What is the units digit of u(3)?
1
Let g = -404 + 432. Suppose g*i - 22320 = 4*i. What is the units digit of i?
0
Let f be (2 - (-24)/(-4))/(-1). Let o(w) = -w**2 + 6*w - 5. Let g be o(f). Suppose 0 = -3*n + 9, 0*r - 3*r = -g*n - 123. What is the tens digit of r?
4
What is the hundreds digit of (-8 - 89656/16)*-2?
2
Let f(y) = -3*y + 11. Let d(g) = -g**3 + 16*g**2 + g - 22. Let v be d(16). What is the tens digit of f(v)?
2
Let a be 12/(-114) + (-41384)/(-19). Suppose -11*f - 352 = -a. What is the tens digit of f?
6
Let q = -4088 - -7507. What is the hundreds digit of q?
4
Let w = 349 + -348. What is the units digit of (-2)/(w - 1735/1730)?
2
Let d be 1040/(-35) - 6/21. What is the hundreds digit of -9 - 133/(-15) - 5824/d?
1
Let r = -86609 + 178264. What is the ten thousands digit of r?
9
Let t(m) = -45*m - 45. Let j be t(-1). Suppose 11*x - 23*x + 3432 = j. What is the tens digit of x?
8
Let i be 63/(-18)*((-22)/7 + -2). What is the units digit of (-11078)/(-13) + i/(-117)